he millions digit of 11931458?
1
What is the thousands digit of 509956104?
6
What is the thousands digit of 24244234?
4
What is the hundreds digit of 554458144?
1
What is the hundred millions digit of 117441522?
1
What is the ten thousands digit of 207075358?
7
What is the ten millions digit of 870916590?
7
What is the ten thousands digit of 3507460?
0
What is the hundred thousands digit of 106161181?
1
What is the ten thousands digit of 122107228?
0
What is the ten millions digit of 2373920251?
7
What is the ten thousands digit of 25989339?
8
What is the millions digit of 3010616928?
0
What is the hundreds digit of 62085227?
2
What is the hundred thousands digit of 70941413?
9
What is the units digit of 437053204?
4
What is the units digit of 266215217?
7
What is the ten millions digit of 59453426?
5
What is the ten millions digit of 1278516009?
7
What is the hundred millions digit of 3238120044?
2
What is the millions digit of 23612080?
3
What is the millions digit of 598557444?
8
What is the hundreds digit of 31799693?
6
What is the hundreds digit of 430140468?
4
What is the tens digit of 94074518?
1
What is the millions digit of 96565485?
6
What is the thousands digit of 27498498?
8
What is the units digit of 144464120?
0
What is the hundred thousands digit of 94685427?
6
What is the millions digit of 2384166503?
4
What is the thousands digit of 1175343157?
3
What is the ten millions digit of 157523396?
5
What is the thousands digit of 1599218591?
8
What is the units digit of 38689518?
8
What is the ten thousands digit of 42031002?
3
What is the millions digit of 58565301?
8
What is the ten millions digit of 4697824603?
9
What is the tens digit of 1042199140?
4
What is the hundreds digit of 619209746?
7
What is the ten millions digit of 29287074?
2
What is the hundreds digit of 260344711?
7
What is the tens digit of 94372585?
8
What is the millions digit of 391550409?
1
What is the hundreds digit of 2542348461?
4
What is the ten thousands digit of 1875802714?
0
What is the thousands digit of 132712216?
2
What is the hundred thousands digit of 225051757?
0
What is the ten millions digit of 542909652?
4
What is the units digit of 478418792?
2
What is the units digit of 581857624?
4
What is the millions digit of 275823784?
5
What is the tens digit of 13075536?
3
What is the ten millions digit of 234660768?
3
What is the millions digit of 273506977?
3
What is the ten millions digit of 22472602?
2
What is the hundreds digit of 34630604?
6
What is the thousands digit of 1128034568?
4
What is the ten millions digit of 236829951?
3
What is the hundred thousands digit of 612496324?
4
What is the billions digit of 4259922086?
4
What is the hundreds digit of 194546999?
9
What is the units digit of 973904958?
8
What is the units digit of 338719765?
5
What is the units digit of 67001846?
6
What is the units digit of 5030763?
3
What is the thousands digit of 137073972?
3
What is the ten thousands digit of 588776576?
7
What is the units digit of 81809916?
6
What is the millions digit of 19756951?
9
What is the tens digit of 512857298?
9
What is the ten thousands digit of 139998107?
9
What is the billions digit of 5445216656?
5
What is the millions digit of 107535143?
7
What is the hundred thousands digit of 101995367?
9
What is the hundred thousands digit of 23823856?
8
What is the thousands digit of 1417797805?
7
What is the tens digit of 570394053?
5
What is the units digit of 13156239?
9
What is the hundred millions digit of 863029628?
8
What is the millions digit of 1059537310?
9
What is the tens digit of 65233152?
5
What is the hundreds digit of 2105794565?
5
What is the ten thousands digit of 394941528?
4
What is the thousands digit of 968684993?
4
What is the thousands digit of 55012548?
2
What is the billions digit of 1446570414?
1
What is the millions digit of 1393309613?
3
What is the hundred millions digit of 4916063512?
9
What is the units digit of 157048764?
4
What is the ten millions digit of 51913690?
5
What is the hundred thousands digit of 1830413834?
4
What is the tens digit of 3752645?
4
What is the hundreds digit of 389092?
0
What is the hundred thousands digit of 2058820058?
8
What is the tens digit of 48234250?
5
What is the hundreds digit of 5199039?
0
What is the thousands digit of 120071051?
1
What is the ten millions digit of 2798069392?
9
What is the hundred thousands digit of 2848413814?
4
What is the hundreds digit of 252616422?
4
What is the thousands digit of 172440703?
0
What is the hundreds digit of 81341748?
7
What is the hundred millions digit of 3247346807?
2
What is the hundred millions digit of 1152440079?
1
What is the hundreds digit of 3472557144?
1
What is the units digit of 41255637?
7
What is the units digit of 4483731530?
0
What is the hundreds digit of 261105720?
7
What is the ten thousands digit of 105905386?
0
What is the hundred thousands digit of 55892987?
8
What is the units digit of 9793655?
5
What is the ten millions digit of 2772631420?
7
What is the thousands digit of 61590543?
0
What is the millions digit of 501021220?
1
What is the ten thousands digit of 3607018403?
1
What is the thousands digit of 4010949?
0
What is the billions digit of 4563535021?
4
What is the hundreds digit of 26175347?
3
What is the ten thousands digit of 74859649?
5
What is the millions digit of 362959741?
2
What is the ten millions digit of 1671602740?
7
What is the tens digit of 5414587835?
3
What is the thousands digit of 1772553718?
3
What is the ten thousands digit of 7675790422?
9
What is the tens digit of 265134065?
6
What is the ten thousands digit of 894595025?
9
What is the hundred thousands digit of 26671557?
6
What is the tens digit of 767851766?
6
What is the units digit of 31023407?
7
What is the tens digit of 25095246?
4
What is the ten millions digit of 72295860?
7
What is the thousands digit of 48152488?
2
What is the tens digit of 1636279806?
0
What is the hundreds digit of 1924185969?
9
What is the thousands digit of 1444532977?
2
What is the ten millions digit of 1209691169?
0
What is the ten millions digit of 101670247?
0
What is the thousands digit of 620866520?
6
What is the tens digit of 7981005?
0
What is the tens digit of 451964982?
8
What is the tens digit of 2020303904?
0
What is the hundreds digit of 10894432?
4
What is the units digit of 736675117?
7
What is the hundred thousands digit of 91011586?
0
What is the hundred thousands digit of 61115445?
1
What is the ten millions digit of 17564768?
1
What is the thousands digit of 4377902?
7
What is the hundred thousands digit of 643138165?
1
What is the tens digit of 400951436?
3
What is the thousands digit of 1460901267?
1
What is the tens digit of 2969419178?
7
What is the ten millions digit of 315371124?
1
What is the millions digit of 327052982?
7
What is the millions digit of 6151048649?
1
What is the millions digit of 44235379?
4
What is the tens digit of 564394887?
8
What is the units digit of 365234616?
6
What is the ten thousands digit of 155905376?
0
What is the units digit of 126164568?
8
What is the units digit of 1089713607?
7
What is the hundreds digit of 2442492675?
6
What is the hundreds digit of 25339959?
9
What is the hundred thousands digit of 280724628?
7
What is the tens digit of 15188628?
2
What is the tens digit of 1165904978?
7
What is the tens digit of 257610456?
5
What is the thousands digit of 161191678?
1
What is the millions digit of 1434041053?
4
What is the thousands digit of 515586384?
6
What is the units digit of 10760782?
2
What is the hundred thousands digit of 619812124?
8
What is the ten thousands digit of 542174020?
7
What is the millions digit of 104102408?
4
What is the ten millions digit of 2438138906?
3
What is the hundred millions digit of 354951759?
3
What is the hundred thousands digit of 17432371?
4
What is the hundred thousands digit of 2829461?
8
What is the ten millions digit of 6181171235?
8
What is the hundreds digit of 6349058531?
5
What is the ten millions digit of 8390901149?
9
What is the ten thousands digit of 993302959?
0
What is the ten millions digit of 492042827?
9
What is the millions digit of 399282496?
9
What is the hundreds digit of 474978016?
0
What is the hundred thousands digit o